 (-2)/6?
2
Suppose 0 = -x + 1 - 0. Let r = -2 + x. What are the prime factors of 2 - (r - (2 - 2))?
3
Let q = 438 - 304. What are the prime factors of q?
2, 67
Let a be (-2)/(-6) - 32/(-12). Suppose -2*c + 35 = a*c. Let p(o) = o**2 - 7*o + 4. What are the prime factors of p(c)?
2
Let t(a) = -a**2 + 16*a - 7. What are the prime factors of t(12)?
41
Let m(z) = -54*z. Let x be m(-12). What are the prime factors of 4/6*x/16?
3
Let f = -22 + 15. Let l = 2 - f. What are the prime factors of l?
3
Let w = -251 - -469. What are the prime factors of w?
2, 109
List the prime factors of ((-155 - 4)/3)/(-1).
53
Let f = 1 + 4. Suppose -t = -m + 4*t + 12, -5*m = -f*t - 100. List the prime factors of m.
2, 11
Let p(j) = -j**3 - 11*j**2 + 10*j - 6. Let l be p(-12). Suppose -5*m = -l - 112. List the prime factors of m.
2, 13
List the prime factors of (-2)/(-4) - 996/(-24).
2, 3, 7
Suppose 0 = 3*r - 3*m - 168, -5*r + 8*r - m - 178 = 0. List the prime factors of r.
61
Let n(l) = 7*l - 5. Let i be n(3). Let x = -13 + i. What are the prime factors of x?
3
Let j(b) = b**3 - b**2 - b + 5. Let m(k) = -k**3 - 10*k**2 - 9*k. Let v be m(-9). Let a be j(v). Suppose -2*n + n = -a. What are the prime factors of n?
5
Let c(n) = n**3 + 6*n**2 + 2*n + 8. Let t be c(-6). Let u(s) = -s**3 - 3*s**2 - s - 5. What are the prime factors of u(t)?
3, 5
Let m(d) be the third derivative of d**5/60 + d**4/3 + d**3 - 5*d**2. List the prime factors of m(-8).
2, 3
Suppose o + 11 = 3. Let g(b) = 4*b + 3. Let k be g(o). Let w = -14 - k. List the prime factors of w.
3, 5
What are the prime factors of 1 + -194*(-3 - -2)?
3, 5, 13
Suppose 2*y - m = 67, -36 = -4*y - 2*m + 86. What are the prime factors of y?
2
Let h = 45 - -1. What are the prime factors of h?
2, 23
Let f = 29 - 14. Suppose -4*a + 7*a = f. What are the prime factors of a?
5
What are the prime factors of 23 + -12 - (-10)/2?
2
Let a(m) = -5*m**3 - 3*m**2 - 2*m. List the prime factors of a(-2).
2
Let i(p) = 1 + p + 3*p - 3*p. Let y be i(5). Suppose 6 = 2*u - y. List the prime factors of u.
2, 3
Let l(n) = -3*n + 7. Let q be l(3). Let k = 29 + q. List the prime factors of k.
3
Suppose 311 = 9*o - 8*o. What are the prime factors of o?
311
Let v = -9 - -11. Let a = 8 - v. What are the prime factors of a?
2, 3
Let l(n) = -17*n - 4. Let f be l(-3). Let t = -7 + 12. Suppose -3*y + f = t*x - 0*x, 3*x = -5*y + 57. List the prime factors of y.
3
Let o be 12/(-5)*(2 + -7). Suppose -o = -2*m + 8. List the prime factors of m.
2, 5
Suppose 8*w = 3*w + 100. Let o be (9 - 1) + 0/5. What are the prime factors of (55/w)/(2/o)?
11
Suppose 3*f = -f + 4*s - 168, 3*s = -3*f - 156. Let l be (-4)/18 + f/(-9). Let i = l + -3. List the prime factors of i.
2
Suppose 2*p + 24 - 180 = 0. Suppose 0 = -4*y + 8, 3*y - 66 = -3*k + p. What are the prime factors of k?
2, 23
Let b = -4 + 4. Let p be -3 + b + 0/9. Let n = p - -17. What are the prime factors of n?
2, 7
Suppose 4*b - 20 = 3*b. What are the prime factors of b?
2, 5
Let l be (-2)/(-5)*(10 - 0). Let v(k) = 15*k + 1. Let c be v(l). Suppose 0 = 5*w + g - c, g + 46 = 4*w - g. What are the prime factors of w?
2, 3
Suppose 6*t + d = 3*t + 11, -4*d = 4. What are the prime factors of 2/t*2 + 7?
2
Suppose -p - 70 = -3*p. What are the prime factors of p?
5, 7
Let k(u) = 3*u**3 - 2*u - 5*u**3 + u**3 - 5*u**2 + 5. Let f be k(-4). Let l = 5 + f. What are the prime factors of l?
2
Let l(d) be the second derivative of -d**5/20 - d**4/3 + 2*d**3/3 - d**2 - d. What are the prime factors of l(-5)?
3
Let u(v) = -v**3 - 12*v**2 - 15*v + 1. List the prime factors of u(-11).
3, 5
Let q be 10/(-4*3/(-30)). Suppose -5*z + q = 4*g, -z + 0*g = g - 5. Suppose -10 = -z*h + 50. List the prime factors of h.
2, 3
Suppose -3*z + z + b = -84, 3*b = -z + 35. What are the prime factors of z?
41
Let a(u) = 15*u**2 + u - 1. Let w be a(1). Suppose -3*f - w - 6 = 0. List the prime factors of (3 - 4)/(1/f).
7
Let a be 2*-1 + (2 - 1). List the prime factors of (10/(2/(-1)))/a.
5
Let n(c) = -c**3 + 9*c**2 - 7*c + 2 - 1 - 4 + 0*c. List the prime factors of n(8).
5
Let l(q) = q**2 - 12*q - 1. List the prime factors of l(13).
2, 3
Suppose 3*t - 90 = t - g, 0 = -2*t + 3*g + 98. What are the prime factors of t?
2, 23
Let a(f) = 2*f**3 - 4*f**2 + 3*f + 5. List the prime factors of a(4).
3
Let h be (-39)/(-2)*(-4)/(-6). Suppose -46 + h = -3*a. List the prime factors of a.
11
What are the prime factors of 3/2*(-134)/(-3)?
67
Suppose -4*h - 4 = -k - k, k - 12 = -3*h. Suppose -6 = -d + k. What are the prime factors of d?
2, 3
Let w(l) be the first derivative of 0*l**3 + 3 + 0*l**2 + l + 3/2*l**4. List the prime factors of w(1).
7
Let t(m) be the first derivative of m**3 + 3*m**2/2 - 3. Let j = 2 - 4. What are the prime factors of t(j)?
2, 3
Let i be (9 - 3)*(-4)/2. Suppose -3*c + 2*x - 54 = 7*x, 2*c - 4*x = -36. Let n = i - c. List the prime factors of n.
2, 3
Let p(z) = z - 7. Let t be p(9). Suppose o + 3*w = -4, -3*o + 4*w + 37 = t*o. List the prime factors of o.
5
Let u(m) = 2*m**2 + 3*m - 3. List the prime factors of u(-4).
17
Let j be (-1 - -1) + (-12)/2. List the prime factors of 1/(-2) - 183/j.
2, 3, 5
Let i be (16/6)/((-1)/(-6)). Suppose 0 = p + 3, -3*c + 2*p + 38 = -i. Let q = c + -10. What are the prime factors of q?
2, 3
Suppose -6*g + 84 = -4*g. What are the prime factors of g?
2, 3, 7
What are the prime factors of 3*(-3)/(18/(-74))?
37
Let l(w) = w**2 - 1. Let q be l(2). Suppose -q*o + 4*o = 0. Suppose o = t - 3 - 3. List the prime factors of t.
2, 3
Let z = 19 - -1. What are the prime factors of z?
2, 5
Let a = -6 + 2. Let d = a - -11. List the prime factors of d.
7
Let p(b) = b**2 + 11*b - 12. Let r be p(-12). List the prime factors of 1 + 104/4 + r.
3
Let k = 2 + -4. What are the prime factors of ((-20)/(-6))/(k/(-3))?
5
Let l = -18 - 5. What are the prime factors of 3/((-3)/l) - -1?
2, 3
List the prime factors of 214/8*(5 - 2/2).
107
Suppose 3*n + 13 - 67 = 0. Let b = n + -28. Let w = -3 - b. List the prime factors of w.
7
Let z(r) = -9*r + 1 - 7 + 1 + 0. List the prime factors of z(-3).
2, 11
Let w(k) = -5*k**3 + k**2 - 2. Suppose s - 5*m = -22, 0*s - 5*m + 18 = s. What are the prime factors of w(s)?
2, 3, 7
Suppose -4*x + 0*k = k - 1175, -5*x + 5*k + 1475 = 0. What are the prime factors of x?
2, 3, 7
Let u = 45 + 1. Suppose -3*g + u = -2*g. List the prime factors of g.
2, 23
Let f = 1 + 4. Let q(u) = -3*u**3 + u**2 - u. Let v be q(-2). Suppose 0 = 5*o - f - v. List the prime factors of o.
7
Suppose -5*m = -3*s - 28, -2*s + 13 = 7*m - 4*m. Let b(u) = 2*u - 2. List the prime factors of b(m).
2
Let h(s) be the third derivative of s**5/60 + s**4/3 + 7*s**3/6 + s**2. Let k be h(-6). List the prime factors of 124/10 + 2/k.
2, 3
Suppose 6 = 2*w, d - 4*d + 87 = 4*w. Suppose z - d = -5*o, 146 = z + 4*z + 4*o. List the prime factors of z.
2, 3, 5
Let l(t) = 4*t - 15. What are the prime factors of l(11)?
29
Let w(u) = 5*u**2 + 20*u - 14. Let l(b) = -2*b**2 - 7*b + 5. Let z(n) = -8*l(n) - 3*w(n). Let m(r) = 4*r**2 - r. Let q be m(-1). List the prime factors of z(q).
7
Suppose 3*x = -8*t + 4*t + 15, x = -t + 4. Let a(w) = 2*w**3 - 4*w**2 + 2*w + 1. List the prime factors of a(t).
5
Let z = -60 - -122. What are the prime factors of z?
2, 31
Let o(w) = 0*w + 1 - w + 2*w**2 + w**2. What are the prime factors of o(1)?
3
Let i(h) = -h - 2. Suppose -2 = -5*w - 22. Let y be i(w). Suppose 0 = 5*p + 4*b - 53, y*p - 12 + 0 = 3*b. List the prime factors of p.
3
What are the prime factors of 69/(-3)*(3 + -8)?
5, 23
Let k = 0 - -4. Suppose 0 = k*c - 3*c - 15. What are the prime factors of c?
3, 5
Suppose -183 = -4*f - 5*s + 176, -2*f + 4*s + 160 = 0. List the prime factors of f.
2, 43
Let t(u) = u. Let b be t(-2). Let l = -2 - b. Suppose -5*p - 4*f + 28 = -2, 2*p + f - 15 = l. List the prime factors of p.
2, 5
Suppose 9 = 3*s + f + 96, 81 = -3*s - 3*f. Let t = s + 69. What are the prime factors of t?
3, 13
Suppose -5*t - 13 = -3*f, -f = 2*f - 4*t - 14. What are the prime factors of f?
2, 3
Suppose x - 4 = -0*x - a, -8 = -x - 5*a. Suppose -b + x = -0*b. Suppose b*w - 9 - 21 = 0. List the prime factors of w.
2, 5
Suppose 0 = b + 2*b + 75. Let j = 35 + b. List the prime factors of j.
2, 5
Let w = 4 - -1. Suppose w = 5*j - 10. List the prime factors of j.
3
Let m